{"version":"1.0","provider_name":"Tamarindos","provider_url":"https:\/\/www.tamarindos.net\/de\/","author_name":"Albert Ayza","author_url":"https:\/\/www.tamarindos.net\/de\/author\/albertayza\/","title":"Vinar\u00f2s Messe und Festivals - Tamarindos","type":"rich","width":600,"height":338,"html":"<blockquote class=\"wp-embedded-content\" data-secret=\"1YhztDHSBy\"><a href=\"https:\/\/www.tamarindos.net\/de\/vinaros-messe-und-festivals\/\">Vinar\u00f2s Messe und Festivals<\/a><\/blockquote><iframe sandbox=\"allow-scripts\" security=\"restricted\" src=\"https:\/\/www.tamarindos.net\/de\/vinaros-messe-und-festivals\/embed\/#?secret=1YhztDHSBy\" width=\"600\" height=\"338\" title=\"&#8222;Vinar\u00f2s Messe und Festivals&#8220; &#8211; Tamarindos\" data-secret=\"1YhztDHSBy\" frameborder=\"0\" marginwidth=\"0\" marginheight=\"0\" scrolling=\"no\" class=\"wp-embedded-content\"><\/iframe><script type=\"text\/javascript\">\n\/* <![CDATA[ *\/\n\/*! This file is auto-generated *\/\n!function(d,l){\"use strict\";l.querySelector&&d.addEventListener&&\"undefined\"!=typeof URL&&(d.wp=d.wp||{},d.wp.receiveEmbedMessage||(d.wp.receiveEmbedMessage=function(e){var t=e.data;if((t||t.secret||t.message||t.value)&&!\/[^a-zA-Z0-9]\/.test(t.secret)){for(var s,r,n,a=l.querySelectorAll('iframe[data-secret=\"'+t.secret+'\"]'),o=l.querySelectorAll('blockquote[data-secret=\"'+t.secret+'\"]'),c=new RegExp(\"^https?:$\",\"i\"),i=0;i<o.length;i++)o[i].style.display=\"none\";for(i=0;i<a.length;i++)s=a[i],e.source===s.contentWindow&&(s.removeAttribute(\"style\"),\"height\"===t.message?(1e3<(r=parseInt(t.value,10))?r=1e3:~~r<200&&(r=200),s.height=r):\"link\"===t.message&&(r=new URL(s.getAttribute(\"src\")),n=new URL(t.value),c.test(n.protocol))&&n.host===r.host&&l.activeElement===s&&(d.top.location.href=t.value))}},d.addEventListener(\"message\",d.wp.receiveEmbedMessage,!1),l.addEventListener(\"DOMContentLoaded\",function(){for(var e,t,s=l.querySelectorAll(\"iframe.wp-embedded-content\"),r=0;r<s.length;r++)(t=(e=s[r]).getAttribute(\"data-secret\"))||(t=Math.random().toString(36).substring(2,12),e.src+=\"#?secret=\"+t,e.setAttribute(\"data-secret\",t)),e.contentWindow.postMessage({message:\"ready\",secret:t},\"*\")},!1)))}(window,document);\n\/\/# sourceURL=https:\/\/www.tamarindos.net\/wp-includes\/js\/wp-embed.min.js\n\/* ]]> *\/\n<\/script>\n","thumbnail_url":"https:\/\/www.tamarindos.net\/wp-content\/uploads\/2019\/06\/fira-i-festes-de-sant-joan-i-sant-pere-en-vinar\u00f2s-cartel-y-programa.jpg","thumbnail_width":402,"thumbnail_height":562,"description":"Wir begr\u00fc\u00dfen die Partys von Vinar\u00f2s! Vom 21. bis 30. Juni werden die lokalen Feste unseres Nachbarortes gefeiert. Um die Ankunft des Sommers zu feiern, teilen Kinder und Erwachsene die Festlichkeiten und den Spa\u00df in den Festlichkeiten und dem Markt von San Juan und San Pedro, einem beliebten Festival, bei dem Sie Outdoor-Musik, Feuerwerk und [&hellip;]"}

Vinaròs Messe und Festivals - Tamarindos

<blockquote class="wp-embedded-content" data-secret="1YhztDHSBy"><a href="https://www.tamarindos.net/de/vinaros-messe-und-festivals/">Vinaròs Messe und Festivals</a></blockquote><iframe sandbox="allow-scripts" security="restricted" src="https://www.tamarindos.net/de/vinaros-messe-und-festivals/embed/#?secret=1YhztDHSBy" width="600" height="338" title="&#8222;Vinaròs Messe und Festivals&#8220; &#8211; Tamarindos" data-secret="1YhztDHSBy" frameborder="0" marginwidth="0" marginheight="0" scrolling="no" class="wp-embedded-content"></iframe><script type="text/javascript">
/* <![CDATA[ */
/*! This file is auto-generated */
!function(d,l){"use strict";l.querySelector&&d.addEventListener&&"undefined"!=typeof URL&&(d.wp=d.wp||{},d.wp.receiveEmbedMessage||(d.wp.receiveEmbedMessage=function(e){var t=e.data;if((t||t.secret||t.message||t.value)&&!/[^a-zA-Z0-9]/.test(t.secret)){for(var s,r,n,a=l.querySelectorAll('iframe[data-secret="'+t.secret+'"]'),o=l.querySelectorAll('blockquote[data-secret="'+t.secret+'"]'),c=new RegExp("^https?:$","i"),i=0;i<o.length;i++)o[i].style.display="none";for(i=0;i<a.length;i++)s=a[i],e.source===s.contentWindow&&(s.removeAttribute("style"),"height"===t.message?(1e3<(r=parseInt(t.value,10))?r=1e3:~~r<200&&(r=200),s.height=r):"link"===t.message&&(r=new URL(s.getAttribute("src")),n=new URL(t.value),c.test(n.protocol))&&n.host===r.host&&l.activeElement===s&&(d.top.location.href=t.value))}},d.addEventListener("message",d.wp.receiveEmbedMessage,!1),l.addEventListener("DOMContentLoaded",function(){for(var e,t,s=l.querySelectorAll("iframe.wp-embedded-content"),r=0;r<s.length;r++)(t=(e=s[r]).getAttribute("data-secret"))||(t=Math.random().toString(36).substring(2,12),e.src+="#?secret="+t,e.setAttribute("data-secret",t)),e.contentWindow.postMessage({message:"ready",secret:t},"*")},!1)))}(window,document);
//# sourceURL=https://www.tamarindos.net/wp-includes/js/wp-embed.min.js
/* ]]> */
</script>

https://www.tamarindos.net/wp-content/uploads/2019/06/fira-i-festes-de-sant-joan-i-sant-pere-en-vinaròs-cartel-y-programa.jpg

Wir begrüßen die Partys von Vinaròs! Vom 21. bis 30. Juni werden die lokalen Feste unseres Nachbarortes gefeiert. Um die Ankunft des Sommers zu feiern, teilen Kinder und Erwachsene die Festlichkeiten und den Spaß in den Festlichkeiten und dem Markt von San Juan und San Pedro, einem beliebten Festival, bei dem Sie Outdoor-Musik, Feuerwerk und [&hellip;]
