{"version":"1.0","provider_name":"Tamarindos","provider_url":"https:\/\/www.tamarindos.net\/de\/","author_name":"Albert Ayza","author_url":"https:\/\/www.tamarindos.net\/de\/author\/albertayza\/","title":"XXIV. Internationales Festival f\u00fcr Alte und Barocke Musik - Tamarindos","type":"rich","width":600,"height":338,"html":"<blockquote class=\"wp-embedded-content\" data-secret=\"UqnWYNZN7j\"><a href=\"https:\/\/www.tamarindos.net\/de\/2681\/\">XXIV. Internationales Festival f\u00fcr Alte und Barocke Musik<\/a><\/blockquote><iframe sandbox=\"allow-scripts\" security=\"restricted\" src=\"https:\/\/www.tamarindos.net\/de\/2681\/embed\/#?secret=UqnWYNZN7j\" width=\"600\" height=\"338\" title=\"&#8222;XXIV. Internationales Festival f\u00fcr Alte und Barocke Musik&#8220; &#8211; Tamarindos\" data-secret=\"UqnWYNZN7j\" frameborder=\"0\" marginwidth=\"0\" marginheight=\"0\" scrolling=\"no\" class=\"wp-embedded-content\"><\/iframe><script type=\"text\/javascript\">\n\/* <![CDATA[ *\/\n\/*! This file is auto-generated *\/\n!function(d,l){\"use strict\";l.querySelector&&d.addEventListener&&\"undefined\"!=typeof URL&&(d.wp=d.wp||{},d.wp.receiveEmbedMessage||(d.wp.receiveEmbedMessage=function(e){var t=e.data;if((t||t.secret||t.message||t.value)&&!\/[^a-zA-Z0-9]\/.test(t.secret)){for(var s,r,n,a=l.querySelectorAll('iframe[data-secret=\"'+t.secret+'\"]'),o=l.querySelectorAll('blockquote[data-secret=\"'+t.secret+'\"]'),c=new RegExp(\"^https?:$\",\"i\"),i=0;i<o.length;i++)o[i].style.display=\"none\";for(i=0;i<a.length;i++)s=a[i],e.source===s.contentWindow&&(s.removeAttribute(\"style\"),\"height\"===t.message?(1e3<(r=parseInt(t.value,10))?r=1e3:~~r<200&&(r=200),s.height=r):\"link\"===t.message&&(r=new URL(s.getAttribute(\"src\")),n=new URL(t.value),c.test(n.protocol))&&n.host===r.host&&l.activeElement===s&&(d.top.location.href=t.value))}},d.addEventListener(\"message\",d.wp.receiveEmbedMessage,!1),l.addEventListener(\"DOMContentLoaded\",function(){for(var e,t,s=l.querySelectorAll(\"iframe.wp-embedded-content\"),r=0;r<s.length;r++)(t=(e=s[r]).getAttribute(\"data-secret\"))||(t=Math.random().toString(36).substring(2,12),e.src+=\"#?secret=\"+t,e.setAttribute(\"data-secret\",t)),e.contentWindow.postMessage({message:\"ready\",secret:t},\"*\")},!1)))}(window,document);\n\/\/# sourceURL=https:\/\/www.tamarindos.net\/wp-includes\/js\/wp-embed.min.js\n\/* ]]> *\/\n<\/script>\n","thumbnail_url":"https:\/\/www.tamarindos.net\/wp-content\/uploads\/2019\/07\/piromusical-1024x724.jpg","thumbnail_width":1024,"thumbnail_height":724,"description":"In den ersten zwei Wochen des Monats August findet in der Burg des Papstes Luna von Pe\u00f1\u00edscola erneut die Feier der XXIV. Ausgabe des Internationalen Festivals f\u00fcr Alte und Barockmusik statt. Es ist ein Ereignis, das die Gemeinde Jahr f\u00fcr Jahr zum internationalen Epizentrum der Barockmusik macht. Wenn Sie in Apartamentos Tamarindos Pe\u00f1\u00edscola \u00fcbernachten, k\u00f6nnen [&hellip;]"}

XXIV. Internationales Festival für Alte und Barocke Musik - Tamarindos

<blockquote class="wp-embedded-content" data-secret="UqnWYNZN7j"><a href="https://www.tamarindos.net/de/2681/">XXIV. Internationales Festival für Alte und Barocke Musik</a></blockquote><iframe sandbox="allow-scripts" security="restricted" src="https://www.tamarindos.net/de/2681/embed/#?secret=UqnWYNZN7j" width="600" height="338" title="&#8222;XXIV. Internationales Festival für Alte und Barocke Musik&#8220; &#8211; Tamarindos" data-secret="UqnWYNZN7j" frameborder="0" marginwidth="0" marginheight="0" scrolling="no" class="wp-embedded-content"></iframe><script type="text/javascript">
/* <![CDATA[ */
/*! This file is auto-generated */
!function(d,l){"use strict";l.querySelector&&d.addEventListener&&"undefined"!=typeof URL&&(d.wp=d.wp||{},d.wp.receiveEmbedMessage||(d.wp.receiveEmbedMessage=function(e){var t=e.data;if((t||t.secret||t.message||t.value)&&!/[^a-zA-Z0-9]/.test(t.secret)){for(var s,r,n,a=l.querySelectorAll('iframe[data-secret="'+t.secret+'"]'),o=l.querySelectorAll('blockquote[data-secret="'+t.secret+'"]'),c=new RegExp("^https?:$","i"),i=0;i<o.length;i++)o[i].style.display="none";for(i=0;i<a.length;i++)s=a[i],e.source===s.contentWindow&&(s.removeAttribute("style"),"height"===t.message?(1e3<(r=parseInt(t.value,10))?r=1e3:~~r<200&&(r=200),s.height=r):"link"===t.message&&(r=new URL(s.getAttribute("src")),n=new URL(t.value),c.test(n.protocol))&&n.host===r.host&&l.activeElement===s&&(d.top.location.href=t.value))}},d.addEventListener("message",d.wp.receiveEmbedMessage,!1),l.addEventListener("DOMContentLoaded",function(){for(var e,t,s=l.querySelectorAll("iframe.wp-embedded-content"),r=0;r<s.length;r++)(t=(e=s[r]).getAttribute("data-secret"))||(t=Math.random().toString(36).substring(2,12),e.src+="#?secret="+t,e.setAttribute("data-secret",t)),e.contentWindow.postMessage({message:"ready",secret:t},"*")},!1)))}(window,document);
//# sourceURL=https://www.tamarindos.net/wp-includes/js/wp-embed.min.js
/* ]]> */
</script>

In den ersten zwei Wochen des Monats August findet in der Burg des Papstes Luna von Peñíscola erneut die Feier der XXIV. Ausgabe des Internationalen Festivals für Alte und Barockmusik statt. Es ist ein Ereignis, das die Gemeinde Jahr für Jahr zum internationalen Epizentrum der Barockmusik macht. Wenn Sie in Apartamentos Tamarindos Peñíscola übernachten, können [&hellip;]
